-1) + 0)).
-1
-1 - 0 - (8 + -17 + 11)
-3
What is the value of (-4 - -1) + -5 + (-6 - -12)?
-2
5 + -6 + 0 + 1 + -4
-4
What is the value of 10 + -3 - (4 - 2)?
5
2 - (-3 + 6 + -4)
3
-5 + (4 - -2 - -1)
2
-5 - (5 + -3 - 4)
-3
Evaluate 11 + -2 + 0 + -12.
-3
Calculate 3 - (11 - 4) - -1.
-3
What is 1 + -10 - (-6 + (-5 - -7))?
-5
What is -4 + 5 + -1 + (-5 - -4)?
-1
Calculate 3 + (6 - 13) - (-1 - -3).
-6
Evaluate 1 - 2 - (3 + -1).
-3
Calculate -2 + (1 - (-2 + 3)).
-2
0 + (8 + -1 - 9)
-2
What is 2 - 12 - (-21 - -14)?
-3
What is 1 + (9 + -6 - -1)?
5
Calculate 8 + (4 - 4) + -5 + 1.
4
-5 - (3 + -3) - 0
-5
Evaluate 0 - (3 + -1) - (-2 - 4).
4
0 + -4 - -2 - (-2 + 0)
0
What is -6 - ((-9 - 5) + 12)?
-4
Evaluate (2 - (-5 - -12)) + 3.
-2
Calculate 0 + (1 + 3 + -4 - 2).
-2
What is 9 + (4 - 4) + -8?
1
Calculate 6 + 7 + -10 + 0.
3
(-5 - -2) + (14 - 7) + 1
5
Evaluate 6 + -3 + (0 - 0).
3
What is (1 - (2 - 1)) + 5 + -3?
2
Evaluate (-2 - (3 - 1)) + -4 + 3.
-5
What is 0 + -4 - (3 + -3 + 3)?
-7
Calculate 1 + (1 - 4 - -4).
2
Calculate -4 + (1 - 5 - -4 - 5).
-9
Evaluate -5 - (-2 - -2 - 2).
-3
Calculate 6 - (2 + 0 + 2).
2
What is -5 - (0 - (0 + 1)) - 0?
-4
Evaluate (-5 - -9) + (-10 - -4) - 4.
-6
Calculate (3 - ((-4 - -2) + -3)) + -4.
4
What is (-1 - 3) + -22 + 28?
2
What is 14 + 2 + 2 - 7 - 5?
6
Calculate -3 - (5 + 0 + -5).
-3
Evaluate -41 - -36 - (-2 + 2 - 6).
1
0 - -4 - 0 - (43 + -42)
3
What is -8 + (4 - 0) - 5 - -1?
-8
Calculate 13 + 2 + -9 + 0.
6
What is 15 + 1 + -10 - -2?
8
2 + 2 + -4 - (-1 - -1)
0
Calculate -2 - (-9 - (2 + -7)).
2
Calculate (15 - 3) + -1 + -7 + 5.
9
0 + 1 + 16 + -22
-5
Evaluate (3 - 3 - 3) + 5.
2
Calculate -6 + (-2 - -4) + 4 - 1.
-1
-3 + (9 - 3) + (-4 - 1)
-2
Evaluate 4 - 0 - (-4 + 2 + 4).
2
Calculate -17 - (-4 - (10 - 7)).
-10
What is -57 + 51 - (-2 + 0 + -12)?
8
What is 7 - -1 - 1 - 1?
6
What is 5 + -10 + 2 + 1 + -3?
-5
5 - 1 - (-12 - -17)
-1
What is 1 - 1 - (-9 + 11)?
-2
What is the value of 4 + (0 - (2 + 3 + 0))?
-1
Evaluate 2 + (-3 + 6 - 4 - -6).
7
Calculate 6 + (0 - (3 + -1 + 0)).
4
Calculate -15 + 3 - 2 - (-16 - -9).
-7
3 + 19 + -15 - (1 + 11)
-5
Calculate -2 - -2 - (-141 + 146).
-5
Evaluate 3 + 1 + -2 - 5 - -7.
4
Calculate (7 - -3 - 5) + -4 - 10.
-9
-2 + -3 - (-17 - -18)
-6
What is 4 + -1 + -8 - -4?
-1
-4 - -5 - 7 - (0 - 14)
8
Evaluate (7 - (21 - 11)) + (0 - 3).
-6
What is 7 + (4 - 3) - 14?
-6
What is -7 - (1 + -7 + -2 - -6)?
-5
Calculate (0 - (-1 - -6)) + -1 + 3.
-3
(6 - -1 - (4 - 6)) + -4
5
-28 + 33 - (0 + 2)
3
What is -3 + -4 + (3 - -1)?
-3
What is -3 + 7 + 1 + (-4 - 0)?
1
1 - (-5 + 10 - 3)
-1
Evaluate 13 + -9 - (5 - 1) - 3.
-3
Evaluate -1 + 0 + (-7 - -6).
-2
What is the value of (-11 - (0 - 3)) + 10?
2
What is -8 + (-11 - (-17 - -4))?
-6
Calculate (-12 - -6 - -3) + (-7 - -3).
-7
What is the value of (-4 - (2 - (1 + 6))) + 9?
10
Calculate -32 + 23 + -1 + 11.
1
1 - (2 + (-4 - -3))
0
3 - (0 + -1 + 3)
1
What is (0 - -1) + -2 + 1?
0
2 + -2 + 2 + 4 + -12
-6
What is -3 - ((7 - 7) + 1 - 12)?
8
-2 + 4 + 6 + -4
4
Evaluate -13 + (13 - (-13 + 17)).
-4
(0 - (-3 - -1) - 7) + 3
-2
What is the value of 3 + (-13 - (3 - 8)) + 3?
-2
Calculate -2 + (7 - (0 + 0)).
5
What is (1 - 0) + (2 - 8 - -6)?
1
1 + -6 - -8 - (-1 - -6)
-2
-3 + 4 + 1 + 1 + -4
-1
What is 3 + (-1 - 0 - -2) + -2?
2
What is the value of -2 + 11 + (-15 - -1)?
-5
What is 6 - (7 + 2 + 0)?
-3
Evaluate 5 + (6 + 2 - 6 - 13).
-6
What is the value of -12 + -1 + 11 - 3?
-5
Calculate 1 - (3 + -1 - -1).
-2
What is the value of -3 + -1 - 1 - 0 - -13?
8
9 + -9 + 0 + (-5 - -3)
-2
Evaluate (2 + -1 - 3) + -4.
-6
What is the value of -3 - (15 - (8 + 3))?
-7
Evaluate 0 - (-1 - 2) - 8.
-5
Evaluate (-11 - 1) + 11 - (-1 + -2).
2
What is -2 + 3 + 1 - (39 + -38)?
1
What is (5 + -10 - 1) + 10 + -7?
-3
What is the value of 2 + 5 + (5 - 8)?
4
Evaluate 1 + 2 - (6 + -3 - -1).
-1
What is -4 + -6 + 12 - 5?
-3
Evaluate 5 + -9 + (-5 - -5).
-4
Evaluate 1 + 2 - (0 + 5).
-2
Calculate 2 + 1 - (-8 + (4 - -4)).
3
What is -10 + -4 + (4 - -3) + 4?
-3
Calculate 9 + -7 + 2 + -2.
2
(-3 + -2 - 0) + -1 - -9
3
-10 - (-3 - (5 + 1 + -5))
-6
(-16 - -9) + 10 - -4
7
What is the value of 27 - 26 - (-2 - 1)?
4
Calculate -20 + 8 - (12 + -19).
-5
Evaluate 0 + (6 - 9) + 8.
5
Evaluate -1 + (1 - 1 - 0) + -5.
-6
Calculate 16 + -11 - (-8 + 8).
5
What is -1 + -9 + (5 - -1)?
-4
Calculate (-7 - (1 + 3 + -6)) + 2.
-3
What is -10 + 6 + 1 - -6?
3
Evaluate -2 - (0 - 3) - -4.
5
9 - 7 - (-2 - (-4 + 0))
0
What is the value of 1 + -5 - (3 - 7)?
0
What is the value of 3 + 1 + -7 + -5 + 3?
-5
What is -5 + -8 + 18 + -6?
-1
Calculate -2 + (-7 - -19 - 7).
3
1 + 2 + (1 - (-3 + 5))
2
What is the value of -3 + (-1 - 8) + (-4 - -11)?
-5
What is 2 - (2 + (-4 - 2))?
6
Evaluate 0 + -2 + -1 + (-42 - -46).
1
What is the value of -1 + 5 + 1 + 17 + -28?
-6
Evaluate (-2 - 1 - -5) + -7 + 0.
-5
What is the value of -1 + 3 + (-4 - -8) + -3?
3
Calculate -6 - (-1 - 2) - (-1 - 1).
-1
What is 5 - (2 + 7 + -4) - 5?
-5
Calculate 8 - (-4 + 1 + -5 + 10).
6
What is (1 - (0 - -1)) + 2 + -1?
1
What is -15 - (-32 - -5) - 10?
2
-3 - -3 - -5 - (-1 + 1)
5
Evaluate 1 + (-11 - (-7 + 0)).
-3
What is (1 - (-2 + (1 - -4))) + 5?
3
-33 - -18 - (-1 + -6)
-8
Evaluate 3 + -4 - 5 - (-1 - 1).
-4
Evaluate -4 - (-3 + 1 + (4 - 7)).
1
Evaluate (10 + -4 - 1) + -9.
-4
Calculate -3 + 0 + 6 + 4 + 2.
9
What is the value of 0 + (8 + -12 - -2)?
-2
What is -7 + (-6 - -15) - 5?
-3
What is the value of -2 + 6 + -4 + -3?
-3
-5 + 1 - (7 - 3 - 2)
-6
(-9 + 3 - -2) + 11 + -10
-3
Calculate 6 + 0 + -1 + (-46 - -45).
4
Evaluate 0 + (0 - (8 - (2 + 13))).
7
What is the value of 6 - 2 - (-7 + 7) - 5?
-1
3 - -1 - (36 + -26)
-6
What is 1 + (1 - -1) + -3 + 0?
0
What is 2 - 7 - -9 - 7?
-3
What is 0 + -3 + -2 - (-14 + 5)?
4
What is -2 + -2 + 1 + 6?
3
Evaluate -4 - (-1 + -17 + 4).
10
What is 4 - (-4 - (1 - (5 - -8)))?
-4
What is 0 + (-3 - (-1 - (-4 + 1)))?
-5
What is -15 + (-16 - -31) + 1 + -1?
0
Calculate -3 + 1 + 3 + 2.
3
What is 8 + -1 - ((18 - 23) + 12)?
0
Evaluate (-65 - -70) + 0 + 1.
6
Evaluate (28 - 16) + (-4 - (0 - -1)).
7
Evaluate -50 + 52 - (-2 - (-9 - -2)).
-3
What is the value of 3 - (0 + -1 + 15 + -15)?
4
What is (-5 - -5 - 2) + 0 + 0?
-2
Calculate -5 + -4 + 0 + 1 + 17.
9
What is the value of (4 - 2) + (-4 - -2 - -4)?
4
Evaluate (0 - (-3 - -2)) + -1.
0
-2 + 0 + 116 + -116
-2
What is the value of 1 - -12 - (-113 + 119)?
7
(-3 + -4 - -3) + -3 - -5
-2
What is (-6 - 8) + 2 + 5 + -1?
-8
(3 - 3 - -1) + 1 + 1
3
-2 + 1 - (-7 - -3) - 4
-1
What is 2 + (-6 - -1) + 4 + 2?
3
Evaluate -3 + (4 - 0) + 3 + 2.
6
What is (-3 + 4 - 1) + -1 - 2?
-3
Evaluate 3 + -4 + (-5 + 3 - 0).
-3
What is 2 - (1 + -4 - (24 + -33))?
-4
-36 + 30 + -1 + 0 + 11
4
What is the value of -2 - (-2 + -1) - (-2 + 8)?
-5
What is the value of 8 - ((1 - (0 - 4)) + 0)?
3
What is the value of -3 - (-7 + -2 + 6)?
0
What is the value of -64 - -71 - (2 - 3)?
8
What is (4 - 7) + 2 + 2?
1
Evaluate -6 + 8 + (-6 - (5 + -9)).
0
What is the value of 3 - ((-4 + 2 - 3) + 14)?
-6
-1 - (5 - 6) - (-2 + 2)
0
What is (3 - (3 + 5)) + 9 + -3?
1
Evaluate -4 + (2 - 1 - -4) + -3.
-2
Evaluate -1 + -2 - (21 - (16 - -13)).
5
Evaluate 3 + (-8 - (-5 + 6 + -5)).
-1
What is the value of -5 - (5 - 5) - (-4 - -1)?
-2
-36 + 36 - ((4 - -1) + 1)
-6
What is -1 - (-3 - -7 - (9 - 5))?
-1
Calculate 15 + -1 - (19 + -7).
2
What is the value of (1 - -2 - 4) + (1 - 4)?
-4
Calculate -3 - (0 + 0 - 3 - 5).
5
Evaluate (15 - (5 + 4)) + -3 + 1.
4
Evaluate -3 + 2 + 7 - -1.
7
What is -91 + 86 - (-11 + 0)?
6
What is the value of (4 - (-3 + 8)) + -1 + -2?
-4
(9 - 6) + (-1 - -1) + 0
3
Calculate -3 - 2 - (-24 + 15).
4
Calculate (1 - 0) + 3 + 0.
4
Evaluate (-1 - 4) + 5 + (1 - 1).
0
Calculate (7 - 13) + 6 + -3.
-3
Calculate (3 - (3 + -6)) + -11.
-5
Calculate 13 + 2 + -4 + -2 - 4.
5
Evaluate 2 + (4 + -3 + -5 - 1).
-3
What is the value of 1 + -7 + 5 + (4 - 9)?
-6
What is the value of 0 + (-3 - -1) + -6 - -7?
-1
Evaluate 8 - 13 - ((-1 - -1) + -2).
-3
Evaluate -8 + (-1 - (-4 - (1 + -3))).
-7
What is the value of (-5 - -2) + (1 - (-6 - -2))?
2
What is -11 + 29 - (7 + 6)?
5
What is the value of 2 + (8 - 9) + 5?
6
Evaluate -2 + -5 - (-9 + 8 + -4).
-2
2 - -4 - (0 + 4)
2
(16 + -7 - 1) + -16 + 0
-8
What is 1 - -2 - (0 - 1)?
4
What is -4 + 2 - (6 + -1)?
-7
What is -19 + 23 - (-4 - (1 - 1))?
8
What is (2 - 9) + 4 + 1?
-2
(-1 + (-4 - -2) - -1